 - 7 - 2*j**2 + 12*j**2 + 10*j. Suppose 16*f = -24 - 30 - 26. What is the hundreds digit of q(f)?
1
Suppose 2*v - 6*f = -4*f - 78, -2*f = -3*v - 116. Let l = -5 - v. What is the tens digit of 3/5 + l/15*62?
3
Let w(x) = 12*x**2 - 46*x + 2. Let q be w(-3). Let t = 874 - q. What is the tens digit of t?
2
Suppose 0 = -5*l + 2*z + 27486, -4*z + 23922 = 5*l - 3546. Suppose 27*m - l = 19*m. What is the hundreds digit of m?
6
Let y(u) be the first derivative of 17*u**5/120 - 7*u**4/24 + u**3/3 + 13. Let g(s) be the third derivative of y(s). What is the units digit of g(4)?
1
Let w = 19612 + 4200. What is the units digit of w?
2
What is the hundreds digit of (41304/(-14))/((-405)/1890)?
7
Let s = -40 - -38. Let g be 1*(3 + -15) - s. What is the units digit of 30/(-6)*88/g*3?
2
Suppose 0 = o - 8 + 8. Suppose n = i + 24 + 35, o = -2*n + 4*i + 118. What is the tens digit of n?
5
Suppose 32*u + 304795 = -18*u + 2975345. What is the thousands digit of u?
3
Let y(l) be the third derivative of l**5/60 - 5*l**4/12 + 17*l**3/6 + l**2. Let o be y(5). What is the units digit of 273*(o/3 - -3)?
1
Suppose 2*o + 2 = -4. Let n(d) = 48*d - 5. Let g be n(o). Let z = -42 - g. What is the tens digit of z?
0
Let c(a) = -a**3 + 2*a**2 + a + 3. Suppose 2*j = -3*j - 3*x + 15, 3 = j + 2*x. Let v be c(j). Let g(s) = -38*s - 18. What is the units digit of g(v)?
6
Suppose 46275 = w - 4*q, -19*w + 16*w + 138689 = 5*q. What is the units digit of w?
3
Suppose -5*a + 26 = -2*q, 32 - 97 = 5*q - 3*a. Let l = -22 + 42. Let u = l + q. What is the units digit of u?
7
Let k = 161 + -77. Let r(a) = 675*a + 341. Let t be r(0). Let j = t - k. What is the tens digit of j?
5
Suppose 5*l - 2173 = -n + 11178, -n = -l + 2675. What is the units digit of l?
1
Let u(f) = -2*f**2 - 7*f + 62. Let z be u(-8). Let n(v) = 25 - 3*v + v + 0*v. What is the units digit of n(z)?
5
Suppose 21 = -4*p + 41. Suppose 0 = -3*l - 15, p*r - 2253 = -l + 2877. What is the hundreds digit of r?
0
Let c(u) = -u**3 + 39*u**2 - 65*u + 152. What is the units digit of c(37)?
5
Let j = 10847 - -13408. What is the tens digit of j?
5
Suppose 81233 = 17*p - 14*p - 2*o, -p = 4*o - 27087. What is the hundreds digit of p?
0
Let w(x) = -26947*x**3 + 18*x**2 + 8*x + 4. What is the units digit of w(-1)?
1
Let h(k) = -10*k - 34. Let f(r) = 9*r + 33. Let z(m) = -5*f(m) - 4*h(m). Let l be z(-7). Suppose -l*q = 13 - 145. What is the tens digit of q?
2
Let a(v) = -v**3 - 8*v**2 - 5*v + 23. Let q be a(-7). Suppose -q*g - 432 = -10*g. What is the tens digit of g?
3
Let y(d) = 25*d**2 - 27*d + 6. Let u = -180 + 187. What is the thousands digit of y(u)?
1
What is the tens digit of 56*(1281/14 - 7)?
3
What is the hundreds digit of (-384828)/(-93) - 50/(-775)?
1
Let d(s) = -s**3 + 14*s**2 - 15*s + 3. Let l be d(8). Suppose -7*j = -15*j + 16. Suppose j*q = -q + l. What is the units digit of q?
9
Let v(f) = 3*f + 37. Let i be v(-9). Suppose 1380 = i*k - 1820. Suppose -2*c - 4*m + 321 = -m, -2*c + k = 2*m. What is the units digit of c?
9
Let t(c) = -2*c**2 - 9*c + 5. Let s be t(-5). Let f be (s/(1/2*2))/(-1). Suppose f = 2*j + x - 60 - 84, -288 = -4*j + x. What is the tens digit of j?
7
Let i(r) = r**3 + 6*r**2 + 2*r + 13. Let w be i(6). Let k = 447 + w. What is the hundreds digit of (k/6 + -2)/((-4)/(-6))?
2
Let o(q) = 232*q**2 + 4*q + 8. Let k be o(3). Suppose 9*d = k + 1510. What is the hundreds digit of d?
4
What is the tens digit of (0 - (-2)/(-12)) + 633193/726?
7
Let z = -1653 - 363. Let g = -936 - z. What is the tens digit of g?
8
Let s be ((-2435)/(-10))/(1/2). Suppose 752 + s = 3*k. Let p = -185 + k. What is the hundreds digit of p?
2
Let b = 278 + -53. Let j be (-4 + -5)/3 - (b + -1). Let y = -147 - j. What is the units digit of y?
0
Suppose -3*p = b - p - 108, -4*b - 5*p + 429 = 0. Let d(j) = j + 10. Let i be d(-5). Suppose -i*a + b = -9. What is the tens digit of a?
2
Let f(d) = d**2 - 10*d + 41. Let l be 4 + ((-2)/(3/3) - -3). Let n be f(l). Suppose t - i - 202 = 93, -n = 4*i. What is the hundreds digit of t?
2
Let b = 383 + -386. What is the tens digit of -2*b/15*(107 - -8)?
4
Suppose -106 + 100 = 2*w, 3*j - 47469 = w. What is the hundreds digit of j?
8
Let j = 1001 - 13. What is the hundreds digit of j/6*(-21)/(-14)?
2
Let r be 3/(27/42) - 1/(-3). Suppose r*p - 8*p + 618 = 3*g, 4*g - 4 = 0. What is the tens digit of p?
0
Suppose -28*y + 30*y = -148. What is the tens digit of (-2 + 10)/(((-6)/y)/3)?
9
Suppose -20 = 5*s, -2*s + 944 = -5*a + 2*s. What is the tens digit of (-5 + 1)*(-8)/(a/(-2322))?
8
Suppose -q = -5*s + 16, -q + 4*q - 4*s = -15. What is the units digit of (1422/12)/((-2)/(-4)) + q?
6
Suppose -54*v = -36*v - 24*v + 16506. What is the tens digit of v?
5
Suppose -65 = 3*l + 628. What is the tens digit of ((-2224)/(-6))/((-154)/l)?
5
Suppose -4*x - x + 28 = 2*w, -w - 2*x = -12. Suppose -l - 1076 = -w*g, -2*l = -22*g + 27*g - 1358. What is the units digit of g?
0
Suppose 260 = 4*p + 164. Let x(f) = 2*f**2 - 35*f + 9. What is the hundreds digit of x(p)?
3
Suppose -13 + 41 = o. Suppose o*d = 2715 - 643. What is the tens digit of d?
7
Suppose 4*g = -4*f + 80, -6*g + 15 = -3*g. What is the hundreds digit of 3006/12*10/f?
1
Let s(x) = -2*x**3 + 5*x**2 + x + 11638. What is the units digit of s(0)?
8
Suppose -58*n + 49*n = -6453. Suppose 80 + n = y. What is the hundreds digit of y?
7
Suppose 0*i - 9*i = 45. What is the units digit of (-2)/i - (7315/(-25) - 3)?
6
Suppose 0 = 3*p - 12, 24*p = u + 20*p - 9080. What is the tens digit of u?
9
Let t = 134 - 142. Let y(r) = -r**3 - 7*r**2 - r - 15. What is the tens digit of y(t)?
5
Suppose 45*c + 33*c - 1504074 = 0. What is the units digit of c?
3
Let x be (-405)/(-63) - 4/(-7). Suppose -5*o - 2 = 3. What is the units digit of (o - x)/(10/(-135))?
8
Suppose -p + a - 41 = -2*a, 2*p + 74 = 2*a. Let i = p - -38. Suppose i*c = 2*d + 266, -268 = -0*c - 3*c + 4*d. What is the tens digit of c?
8
Suppose -8 = 5*j - j, o - 4*j - 14 = 0. Let x(b) = 5*b**2 + 2*b + 1. Let y(g) = g**2 - 1. Let p(k) = x(k) - 4*y(k). What is the units digit of p(o)?
3
Suppose 5*t = -5*f + 100, -2*t - 4*f + 7*f + 30 = 0. Let c(g) = g - 13. Let l be c(t). Suppose 0 = -l*a + 241 + 249. What is the units digit of a?
8
What is the thousands digit of 2/(-15) - ((-12)/10 + 972169/(-165))?
5
Let j = -166 - -167. What is the tens digit of (-1 + (3 - -137) - 0)/j?
3
Let g(q) be the second derivative of -1/2*q**3 + 0 - 5*q - 7/2*q**2. What is the tens digit of g(-11)?
2
Suppose -4*x = 2*b - 149226, -3*b - 3175 = -7*x + 257990. What is the units digit of x?
8
Suppose 12*v + 19*k - 21*k = 587396, -4*k + 32 = 0. What is the ten thousands digit of v?
4
Suppose -3*i = -2*t + 2952, 0*i + 1976 = -2*i + 4*t. Let y = i - -1413. What is the units digit of y?
1
Let b(r) = r**3 - 5*r**2 - 6*r - 8. Let n be (-2 - -3)*(5 - 3). Suppose 43 = 4*f + 5*k, -5*f + k + n + 30 = 0. What is the tens digit of b(f)?
4
Let d(v) = 184*v**3 - 4*v**2 + 24*v - 33. What is the thousands digit of d(3)?
4
Let c be (-20)/15*(-3 - 72/(-4)). Let f be (0 + 7)*(1 + c) - -4. Let k = f + 206. What is the units digit of k?
7
Suppose -106*j = -885254 - 2403184. What is the thousands digit of j?
1
Suppose 3 = 2*u - n, -3*u - n + 1 = -11. Suppose -3*b - u*y = -192, 66 = 2*b - 5*y - 55. What is the tens digit of b?
6
Let c be 25/3 - (-8 + 190/30). Suppose 4780 = c*l - 920. What is the tens digit of l?
7
Let z = -673 - -11729. What is the thousands digit of z?
1
Let q = 16864 + -1651. What is the hundreds digit of q?
2
Let p(o) = 251*o - 416. What is the thousands digit of p(28)?
6
Let t = -30 - -51. Let z be (-2164)/(-28) - 6/t. Let y = z - 22. What is the tens digit of y?
5
Let y be (-3)/18 - ((-26)/12 + -3). Let m(x) = -3*x + 6*x - x**2 - y*x + 24 + 3*x. What is the tens digit of m(0)?
2
Let s = -6 + 10. Suppose 4*c + s*r - 564 = -r, 5*c = -3*r + 692. Let a = 245 - c. What is the tens digit of a?
0
Let g(r) = r**2 - 51*r + 50. Let k be g(38). What is the hundreds digit of (2 - 15/6)*k?
2
Suppose 2*c = s + 2*s - 16, 0 = 4*s - 4*c - 24. Suppose -6*x - 22 = -s*x. What is the units digit of (x/4 - -2) + (-892)/(-16)?
5
Suppose -9 = -2*x + 1. Let z be x - (-8 + 2) - -5. Suppose c - 4*d = 159 + z, 3*d - 189 = -c. What is the tens digit of c?
8
Let x be 84/7*3/6. Suppose 44*